{"id":36530,"date":"2024-01-26T23:01:11","date_gmt":"2024-01-26T22:01:11","guid":{"rendered":"https:\/\/augenzentrum-vernissage.ch\/optometriste\/"},"modified":"2026-01-14T11:39:40","modified_gmt":"2026-01-14T10:39:40","slug":"optometrist","status":"publish","type":"page","link":"https:\/\/augenzentrum-vernissage.ch\/fr\/optometrist\/","title":{"rendered":"Optom\u00e9triste-in"},"content":{"rendered":"\t\t<div data-elementor-type=\"wp-page\" data-elementor-id=\"36530\" class=\"elementor elementor-36530 elementor-31858\" data-elementor-post-type=\"page\">\n\t\t\t\t\t\t<div class=\"elementor-section elementor-top-section elementor-element elementor-element-883de75 elementor-section-full_width elementor-section-stretched elementor-section-height-default elementor-section-height-default\" data-id=\"883de75\" data-element_type=\"section\" data-e-type=\"section\" data-settings=\"{&quot;stretch_section&quot;:&quot;section-stretched&quot;}\">\n\t\t\t\t\t\t<div class=\"elementor-container elementor-column-gap-default\">\n\t\t\t\t\t<div class=\"elementor-column elementor-col-100 elementor-top-column elementor-element elementor-element-ac3596c\" data-id=\"ac3596c\" data-element_type=\"column\" data-e-type=\"column\">\n\t\t\t<div class=\"elementor-widget-wrap elementor-element-populated\">\n\t\t\t\t\t\t<div class=\"elementor-section elementor-inner-section elementor-element elementor-element-619a301 elementor-section-boxed elementor-section-height-default elementor-section-height-default\" data-id=\"619a301\" data-element_type=\"section\" data-e-type=\"section\">\n\t\t\t\t\t\t<div class=\"elementor-container elementor-column-gap-default\">\n\t\t\t\t\t<div class=\"elementor-column elementor-col-100 elementor-inner-column elementor-element elementor-element-9dba143\" data-id=\"9dba143\" data-element_type=\"column\" data-e-type=\"column\">\n\t\t\t<div class=\"elementor-widget-wrap elementor-element-populated\">\n\t\t\t\t\t\t<div class=\"elementor-element elementor-element-c5d2a13 elementor-widget elementor-widget-section-title\" data-id=\"c5d2a13\" data-element_type=\"widget\" data-e-type=\"widget\" data-widget_type=\"section-title.default\">\n\t\t\t\t<div class=\"elementor-widget-container\">\n\t\t\t\t\t<div class=\"pt-section pt-style-1 text-center\">\n\t\t\n   \t\t \n   \t\t<span class=\"pt-section-sub-title\">Postes \u00e0 pourvoir<\/span>\n   \t   \t\t\t\t\n<\/div>\t\t\t\t<\/div>\n\t\t\t\t<\/div>\n\t\t\t\t\t<\/div>\n\t\t<\/div>\n\t\t\t\t\t<\/div>\n\t\t<\/div>\n\t\t\t\t\t<\/div>\n\t\t<\/div>\n\t\t\t\t\t<\/div>\n\t\t<\/div>\n\t\t\t\t<div class=\"elementor-section elementor-top-section elementor-element elementor-element-aa38ce5 elementor-section-full_width elementor-section-stretched elementor-section-height-default elementor-section-height-default\" data-id=\"aa38ce5\" data-element_type=\"section\" data-e-type=\"section\" data-settings=\"{&quot;stretch_section&quot;:&quot;section-stretched&quot;}\">\n\t\t\t\t\t\t<div class=\"elementor-container elementor-column-gap-default\">\n\t\t\t\t\t<div class=\"elementor-column elementor-col-100 elementor-top-column elementor-element elementor-element-593f5d6\" data-id=\"593f5d6\" data-element_type=\"column\" data-e-type=\"column\">\n\t\t\t<div class=\"elementor-widget-wrap elementor-element-populated\">\n\t\t\t\t\t\t<div class=\"elementor-section elementor-inner-section elementor-element elementor-element-1cd6b1d elementor-section-boxed elementor-section-height-default elementor-section-height-default\" data-id=\"1cd6b1d\" data-element_type=\"section\" data-e-type=\"section\">\n\t\t\t\t\t\t<div class=\"elementor-container elementor-column-gap-default\">\n\t\t\t\t\t<div class=\"elementor-column elementor-col-100 elementor-inner-column elementor-element elementor-element-58ab9c3\" data-id=\"58ab9c3\" data-element_type=\"column\" data-e-type=\"column\">\n\t\t\t<div class=\"elementor-widget-wrap elementor-element-populated\">\n\t\t\t\t\t\t<div class=\"elementor-element elementor-element-503a062 elementor-widget elementor-widget-heading\" data-id=\"503a062\" data-element_type=\"widget\" data-e-type=\"widget\" data-widget_type=\"heading.default\">\n\t\t\t\t<div class=\"elementor-widget-container\">\n\t\t\t\t\t<h2 class=\"elementor-heading-title elementor-size-default\">Optom\u00e9triste \/Optom\u00e9triste<\/h2>\t\t\t\t<\/div>\n\t\t\t\t<\/div>\n\t\t\t\t<div class=\"elementor-element elementor-element-5d8e96a elementor-widget elementor-widget-text-editor\" data-id=\"5d8e96a\" data-element_type=\"widget\" data-e-type=\"widget\" data-widget_type=\"text-editor.default\">\n\t\t\t\t<div class=\"elementor-widget-container\">\n\t\t\t\t\t\t\t\t\t<p class=\"western\">Bienvenue dans une \u00e9quipe qui ne se contente pas d&#8217;am\u00e9liorer la vision, mais la red\u00e9finit !<\/p>\n<p class=\"western\">Nous recherchons un(e) optom\u00e9triste passionn\u00e9(e) par la chirurgie r\u00e9fractive et dot\u00e9(e) d&#8217;un sens aigu de la vente &#8211; car chez nous, tout tourne autour de la clart\u00e9 de la vision et d&#8217;une exp\u00e9rience formidable \u00e0 tous les niveaux !<\/p>\n<p class=\"western\">Votre mission : porter la vision de nos patients \u00e0 un niveau sup\u00e9rieur. Vous n&#8217;\u00eates pas seulement un(e) expert(e) en optom\u00e9trie, mais aussi dans l&#8217;art de la chirurgie r\u00e9fractive. Votre objectif n&#8217;est pas seulement d&#8217;am\u00e9liorer la vision des gens, mais aussi d&#8217;am\u00e9liorer leur qualit\u00e9 de vie gr\u00e2ce \u00e0 des solutions visuelles parfaitement adapt\u00e9es.  <\/p>\n<p class=\"western\">Si vous brillez non seulement par votre expertise, mais aussi par votre charme et que vous aimez accompagner les gens dans leur voyage vers une vision claire, alors vous \u00eates \u00e0 la bonne adresse.<\/p>\n<p class=\"western\">Avec un esprit d&#8217;\u00e9quipe ouvert et chaleureux, nous ne vous offrons pas seulement un emploi, mais la chance de partager votre passion avec nous. Chez nous, il ne s&#8217;agit pas seulement de chiffres, mais aussi d&#8217;histoires derri\u00e8re les yeux. Tu feras partie d&#8217;une atmosph\u00e8re unique dans laquelle tu pourras t&#8217;\u00e9panouir et vivre pleinement ton amour de l&#8217;optom\u00e9trie.  <\/p>\n<p class=\"western\"><b>L&#8217;allemand ET le fran\u00e7ais sont indispensables.<\/b><\/p><p class=\"western\">Si vous \u00eates pr\u00eat \u00e0 construire non seulement une carri\u00e8re mais aussi une communaut\u00e9, nous sommes impatients de vous rencontrer. Envoyez-nous votre candidature avec CV, photo, dipl\u00f4mes et votre vision d&#8217;un avenir clair \u00e0 &nbsp;<b>office@eyemed.ch&nbsp;<\/b><\/p>\n<p class=\"western\">Ensemble, nous ne cr\u00e9ons pas seulement de la visibilit\u00e9, mais une exp\u00e9rience qui \u00e9largit les horizons.<\/p>\t\t\t\t\t\t\t\t<\/div>\n\t\t\t\t<\/div>\n\t\t\t\t\t<\/div>\n\t\t<\/div>\n\t\t\t\t\t<\/div>\n\t\t<\/div>\n\t\t\t\t\t<\/div>\n\t\t<\/div>\n\t\t\t\t\t<\/div>\n\t\t<\/div>\n\t\t\t\t<\/div>\n\t\t","protected":false},"excerpt":{"rendered":"<p>Postes \u00e0 pourvoir Optom\u00e9triste \/Optom\u00e9triste Bienvenue dans une \u00e9quipe qui ne se contente pas d&#8217;am\u00e9liorer la vision, mais la red\u00e9finit ! Nous recherchons un(e) optom\u00e9triste passionn\u00e9(e) par la chirurgie r\u00e9fractive et dot\u00e9(e) d&#8217;un sens aigu de la vente &#8211; car chez nous, tout tourne autour de la clart\u00e9 de la vision et d&#8217;une exp\u00e9rience formidable [&hellip;]<\/p>\n","protected":false},"author":1,"featured_media":0,"parent":0,"menu_order":27,"comment_status":"closed","ping_status":"closed","template":"","meta":{"_acf_changed":false,"_monsterinsights_skip_tracking":false,"_monsterinsights_sitenote_active":false,"_monsterinsights_sitenote_note":"","_monsterinsights_sitenote_category":0,"footnotes":""},"class_list":["post-36530","page","type-page","status-publish","hentry"],"acf":[],"aioseo_notices":[],"_links":{"self":[{"href":"https:\/\/augenzentrum-vernissage.ch\/fr\/wp-json\/wp\/v2\/pages\/36530","targetHints":{"allow":["GET"]}}],"collection":[{"href":"https:\/\/augenzentrum-vernissage.ch\/fr\/wp-json\/wp\/v2\/pages"}],"about":[{"href":"https:\/\/augenzentrum-vernissage.ch\/fr\/wp-json\/wp\/v2\/types\/page"}],"author":[{"embeddable":true,"href":"https:\/\/augenzentrum-vernissage.ch\/fr\/wp-json\/wp\/v2\/users\/1"}],"replies":[{"embeddable":true,"href":"https:\/\/augenzentrum-vernissage.ch\/fr\/wp-json\/wp\/v2\/comments?post=36530"}],"version-history":[{"count":3,"href":"https:\/\/augenzentrum-vernissage.ch\/fr\/wp-json\/wp\/v2\/pages\/36530\/revisions"}],"predecessor-version":[{"id":38776,"href":"https:\/\/augenzentrum-vernissage.ch\/fr\/wp-json\/wp\/v2\/pages\/36530\/revisions\/38776"}],"wp:attachment":[{"href":"https:\/\/augenzentrum-vernissage.ch\/fr\/wp-json\/wp\/v2\/media?parent=36530"}],"curies":[{"name":"wp","href":"https:\/\/api.w.org\/{rel}","templated":true}]}}

Optométriste-in

<div data-elementor-type="wp-page" data-elementor-id="36530" class="elementor elementor-36530 elementor-31858" data-elementor-post-type="page">
						<div class="elementor-section elementor-top-section elementor-element elementor-element-883de75 elementor-section-full_width elementor-section-stretched elementor-section-height-default elementor-section-height-default" data-id="883de75" data-element_type="section" data-e-type="section" data-settings="{&quot;stretch_section&quot;:&quot;section-stretched&quot;}">
						<div class="elementor-container elementor-column-gap-default">
					<div class="elementor-column elementor-col-100 elementor-top-column elementor-element elementor-element-ac3596c" data-id="ac3596c" data-element_type="column" data-e-type="column">
			<div class="elementor-widget-wrap elementor-element-populated">
						<div class="elementor-section elementor-inner-section elementor-element elementor-element-619a301 elementor-section-boxed elementor-section-height-default elementor-section-height-default" data-id="619a301" data-element_type="section" data-e-type="section">
						<div class="elementor-container elementor-column-gap-default">
					<div class="elementor-column elementor-col-100 elementor-inner-column elementor-element elementor-element-9dba143" data-id="9dba143" data-element_type="column" data-e-type="column">
			<div class="elementor-widget-wrap elementor-element-populated">
						<div class="elementor-element elementor-element-c5d2a13 elementor-widget elementor-widget-section-title" data-id="c5d2a13" data-element_type="widget" data-e-type="widget" data-widget_type="section-title.default">
				<div class="elementor-widget-container">
					<div class="pt-section pt-style-1 text-center">
		
   		 
   		<span class="pt-section-sub-title">Postes à pourvoir</span>
   	   				
</div>				</div>
				</div>
					</div>
		</div>
					</div>
		</div>
					</div>
		</div>
					</div>
		</div>
				<div class="elementor-section elementor-top-section elementor-element elementor-element-aa38ce5 elementor-section-full_width elementor-section-stretched elementor-section-height-default elementor-section-height-default" data-id="aa38ce5" data-element_type="section" data-e-type="section" data-settings="{&quot;stretch_section&quot;:&quot;section-stretched&quot;}">
						<div class="elementor-container elementor-column-gap-default">
					<div class="elementor-column elementor-col-100 elementor-top-column elementor-element elementor-element-593f5d6" data-id="593f5d6" data-element_type="column" data-e-type="column">
			<div class="elementor-widget-wrap elementor-element-populated">
						<div class="elementor-section elementor-inner-section elementor-element elementor-element-1cd6b1d elementor-section-boxed elementor-section-height-default elementor-section-height-default" data-id="1cd6b1d" data-element_type="section" data-e-type="section">
						<div class="elementor-container elementor-column-gap-default">
					<div class="elementor-column elementor-col-100 elementor-inner-column elementor-element elementor-element-58ab9c3" data-id="58ab9c3" data-element_type="column" data-e-type="column">
			<div class="elementor-widget-wrap elementor-element-populated">
						<div class="elementor-element elementor-element-503a062 elementor-widget elementor-widget-heading" data-id="503a062" data-element_type="widget" data-e-type="widget" data-widget_type="heading.default">
				<div class="elementor-widget-container">
					<h2 class="elementor-heading-title elementor-size-default">Optométriste /Optométriste</h2>				</div>
				</div>
				<div class="elementor-element elementor-element-5d8e96a elementor-widget elementor-widget-text-editor" data-id="5d8e96a" data-element_type="widget" data-e-type="widget" data-widget_type="text-editor.default">
				<div class="elementor-widget-container">
									<p class="western">Bienvenue dans une équipe qui ne se contente pas d&#8217;améliorer la vision, mais la redéfinit !</p>
<p class="western">Nous recherchons un(e) optométriste passionné(e) par la chirurgie réfractive et doté(e) d&#8217;un sens aigu de la vente &#8211; car chez nous, tout tourne autour de la clarté de la vision et d&#8217;une expérience formidable à tous les niveaux !</p>
<p class="western">Votre mission : porter la vision de nos patients à un niveau supérieur. Vous n&#8217;êtes pas seulement un(e) expert(e) en optométrie, mais aussi dans l&#8217;art de la chirurgie réfractive. Votre objectif n&#8217;est pas seulement d&#8217;améliorer la vision des gens, mais aussi d&#8217;améliorer leur qualité de vie grâce à des solutions visuelles parfaitement adaptées.  </p>
<p class="western">Si vous brillez non seulement par votre expertise, mais aussi par votre charme et que vous aimez accompagner les gens dans leur voyage vers une vision claire, alors vous êtes à la bonne adresse.</p>
<p class="western">Avec un esprit d&#8217;équipe ouvert et chaleureux, nous ne vous offrons pas seulement un emploi, mais la chance de partager votre passion avec nous. Chez nous, il ne s&#8217;agit pas seulement de chiffres, mais aussi d&#8217;histoires derrière les yeux. Tu feras partie d&#8217;une atmosphère unique dans laquelle tu pourras t&#8217;épanouir et vivre pleinement ton amour de l&#8217;optométrie.  </p>
<p class="western"><b>L&#8217;allemand ET le français sont indispensables.</b></p><p class="western">Si vous êtes prêt à construire non seulement une carrière mais aussi une communauté, nous sommes impatients de vous rencontrer. Envoyez-nous votre candidature avec CV, photo, diplômes et votre vision d&#8217;un avenir clair à &nbsp;<b>office@eyemed.ch&nbsp;</b></p>
<p class="western">Ensemble, nous ne créons pas seulement de la visibilité, mais une expérience qui élargit les horizons.</p>								</div>
				</div>
					</div>
		</div>
					</div>
		</div>
					</div>
		</div>
					</div>
		</div>
				</div>

<p>Postes à pourvoir Optométriste /Optométriste Bienvenue dans une équipe qui ne se contente pas d&#8217;améliorer la vision, mais la redéfinit ! Nous recherchons un(e) optométriste passionné(e) par la chirurgie réfractive et doté(e) d&#8217;un sens aigu de la vente &#8211; car chez nous, tout tourne autour de la clarté de la vision et d&#8217;une expérience formidable [&hellip;]</p>
